ppose -d = -5*x - 0*x. Let p(a) = 22*a**2 + a - 1. Is p(x) a composite number?
False
Suppose -3*j + 9 = 3*c, 2*c - 7*c = -15. Suppose n + n - 230 = j. Is n a prime number?
False
Is 1/((-4)/18 + (-734)/(-3222)) composite?
False
Let t = 211 + 0. Is t a prime number?
True
Let h(j) = 3*j**2 + 2*j - 3. Let g = -5 + 9. Is h(g) a prime number?
True
Let x be 64/(-20) + (-2)/(-10). Let t(c) = 10*c**2 - c - 2. Is t(x) composite?
True
Let l(t) = t**3 + 5*t**2 + t. Let j be l(-5). Let f(w) = w**3 - 4*w + 5. Let s be f(j). Let r = -53 - s. Is r a composite number?
False
Let d(k) = 94*k - 1. Is d(2) a prime number?
False
Let y(i) = 3 + 2*i**2 - 4*i + 5*i**2 - i**3 + 0 - 2*i**2. Is y(2) a composite number?
False
Let y = -143 - -91. Let i = 1 - y. Is i a composite number?
False
Is 3/((0 - 10872/3628) + 3) prime?
True
Let t be 4/((-12)/3) - -75. Suppose 0*r = r + 27. Let p = t + r. Is p a prime number?
True
Let a(n) be the third derivative of 63*n**4/8 + n**3/6 - 4*n**2. Is a(2) prime?
True
Suppose q + 408 = 2*m + 3*q, 0 = -q + 1. Is m composite?
True
Let f(d) = 9*d + 11. Let v(w) = 5*w + 6. Let l(a) = 10*a + 12. Let b(p) = 4*l(p) - 9*v(p). Let u(q) = 5*b(q) + 3*f(q). Is u(5) composite?
False
Suppose -5*x = -2542 + 107. Is x a composite number?
False
Suppose 7*x - 178 = 5*x. Is x prime?
True
Let x = -5 + 2. Let j(b) be the first derivative of 3*b**3 - 4*b + 2. Is j(x) composite?
True
Let c(p) = -p**3 + 11*p**2 + 4. Let x be c(11). Suppose x*m = -m + 325. Is m a composite number?
True
Let c be 99/(-21) + 4/(-14). Let k = c + 1. Is 1/((-2)/(k + 0)) a prime number?
True
Let j = -868 - -1451. Is j a prime number?
False
Suppose -2*g = g - 6. Let c = g + 29. Is c prime?
True
Is 17 - 15 - -117*5 a prime number?
True
Suppose 3*g + 35 = -4*x, 0*g = -4*g + 4*x. Is (-4)/10 - 127/g a prime number?
False
Let h = 1704 + -971. Suppose 0*l + 2*l - 6 = 0, -4*l - h = -5*m. Is m prime?
True
Let y(m) = m - 1. Let s be y(3). Suppose -w - 4*p + 24 = -35, -3*p + 64 = w. Suppose -j + s*j = w. Is j a composite number?
False
Let x(v) = 15*v**2 + 7*v + 7. Is x(-5) a prime number?
True
Let v(n) = 6*n**2 - 2*n - 2. Is v(3) a composite number?
True
Suppose 2*h + 62 = -54. Let n = h - -113. Is n a composite number?
True
Suppose f + 3 + 1 = 3*c, -4*f = -4*c - 8. Suppose -5 = -c*b + 7. Suppose b*r = -0*r + 60. Is r a composite number?
True
Let o(a) = -a**3 + a**2 + 1. Let t(n) = 2*n**3 + n**2 + 5*n - 4. Let s be 2 - 3 - (1 + -1). Let r(l) = s*o(l) - t(l). Is r(-4) a composite number?
True
Let c be 1/3*(2 + -2). Suppose -8*p + 3*p + 465 = c. Is p a prime number?
False
Suppose -4*k = 311 + 169. Let d = 379 + k. Is d composite?
True
Let k = 1082 + -633. Is k prime?
True
Suppose 0 = -4*u + 7 + 1, 12 = 4*d + 2*u. Let q be 0 + -5*(-9 - 0). Is q/d*4/6 a prime number?
False
Suppose -3*q - 17 = -4*f, -3*f + 19 - 3 = q. Suppose -b - 2*b = 9. Is (-3)/(b*q/14) prime?
False
Suppose -2*x = 2*x - 148. Is x a composite number?
False
Suppose -1550 = -5*h - 225. Is h composite?
True
Suppose 0 = j - 2*j - 3. Is j + 3/((-6)/(-532)) a composite number?
False
Suppose 0 = -m + 2 + 30. Suppose 0 = -2*c + 104 - m. Let y = -21 + c. Is y composite?
True
Let s(j) = 12*j**2 - 2*j - 15. Is s(7) a composite number?
True
Let l = -3 + -6. Let g(q) be the third derivative of -5*q**4/12 - 13*q**3/6 - 3*q**2. Is g(l) a prime number?
False
Suppose 119 = 3*t + 2*y - 6*y, -5*y = -5*t + 190. Is (t/5)/((-2)/(-10)) prime?
False
Let z = 2275 + -1596. Is z composite?
True
Let s(d) = d + 7. Let w be s(0). Let i(l) = -l**2 + 12*l - 4. Is i(w) a composite number?
False
Let c(x) be the second derivative of -x**7/280 - x**6/120 - x**5/120 - x**4/12 - x**3/3 + 2*x. Let i(o) be the second derivative of c(o). Is i(-3) composite?
True
Suppose 3*f = -0 - 9, -d + 310 = -f. Is d a prime number?
True
Let g(d) = -d**2 + 7*d + 13. Let n be g(9). Is n/(15/(-324)) - -3 composite?
True
Let a(h) = 48*h**2 - 3*h + 3. Let z be a(-3). Suppose -6*w + z = -2*w. Is w prime?
False
Let z(t) = 31*t - 6. Is z(5) a prime number?
True
Let w be -1 + -1 + 12/3. Let h(b) = -1 - 11*b - b**w + 0*b**2 - 4. Is h(-9) a composite number?
False
Is (2 - -1) + 599 - 3 a composite number?
False
Let b be 3/6 + 6/4. Suppose 0 = -z + 2*z - b. Suppose z*k = -k + 159. Is k a composite number?
False
Suppose 5*q - 8097 = 2648. Is q composite?
True
Let f = 158 + -112. Is f composite?
True
Let m = -9 + 15. Suppose 0 = -4*y - 3*a + 219, 0 = 4*y + a - m*a - 243. Is y a prime number?
False
Let b(o) = 582*o**3 + o**2 + o - 2. Let i be b(1). Suppose -y = -4*y + i. Is y composite?
True
Suppose 0 = -5*b + 232 + 628. Suppose b = 3*z - 275. Is z composite?
False
Suppose 35*o - 32*o = 573. Is o a prime number?
True
Suppose 4*l - 16 = 4. Suppose -68 - 202 = -l*o - 5*q, 5*o - 240 = q. Suppose 2*p = 61 + o. Is p a composite number?
True
Let k = -17 + 17. Suppose -4*j + 193 + 179 = k. Is j composite?
True
Let w(p) = -9*p + 62. Is w(-13) a prime number?
True
Let x = 3846 + -809. Is x a composite number?
False
Let l = 5 + 60. Is 2/13 + 2395/l composite?
False
Let z be 66*26/4*1. Suppose -4*r = -3*g + z - 30, 2*g + 2*r = 266. Is g a prime number?
False
Suppose 0 = 3*x + 3*n - 11226, 3763 + 3746 = 2*x - 3*n. Is x a composite number?
True
Suppose 4*p - 3*q = 4160, -4*q - 3618 = -4*p + 546. Is p prime?
False
Let q(t) = -3*t**3 + 4*t**2 + 27*t - 53. Let n(o) = -o**3 + o**2 + 9*o - 18. Let f(x) = 17*n(x) - 6*q(x). Let v be f(8). Is 16 + v/(1*-2) a composite number?
True
Suppose -4*g + 5*l = -9*g + 35, g + 4*l = 10. Is 1293/g + 6/4 prime?
False
Suppose n = q - 2*n - 318, 3*q - 914 = n. Is q composite?
True
Suppose 6*h = 2*h + 3*z + 187, 93 = 2*h - z. Is h a prime number?
False
Let r be (-8)/4 + -1 + 9. Is 381*(3 - 16/r) a composite number?
False
Is ((-1)/(0 - -1))/(19/(-25859)) a composite number?
False
Suppose 4*o - 24 = -0*o. Suppose -2*k + o*k + 14 = -f, 45 = 5*f - 3*k. Let t = f - 0. Is t a prime number?
False
Is (-1184)/(-20) - 2/10 a composite number?
False
Let f(y) = -23*y**2 + 1. Let u be f(2). Let v be u/(-1) - 6/3. Suppose 4*w = v - 33. Is w composite?
True
Let v be -2 + -1*(-2 - 771). Suppose -a + 4*a - v = 0. Is a a composite number?
False
Let o(w) = 3*w + 59*w**2 - 22*w**2 - 2 + 24*w**2 - 1. Is o(4) composite?
True
Suppose 12 = 5*v - 2*v. Let p = -2 + 13. Let h = p - v. Is h a prime number?
True
Suppose -2*s - 143 = -m, -5*s - 132 = -m + 227. Let b = 137 + s. Is b a prime number?
False
Let y be -2 + (-2)/2 + -2. Let s(b) = b**3 + 6*b**2 + 6*b + 3. Let n be s(y). Is (185/10)/(n/(-4)) composite?
False
Suppose 4*f - 9*f = -2585. Is f a prime number?
False
Let g(t) = -23*t**3 + 2*t**2 - 1. Let k be g(1). Let o(c) = 58*c**3 + 2*c**2 + 2*c + 1. Let a be o(-1). Let b = k - a. Is b composite?
True
Is -5*3957/(-15)*1 prime?
True
Let u = 249 - 126. Is u composite?
True
Suppose j = 5*j - n + 143, 3*j + 106 = n. Let b = -23 - j. Is b a prime number?
False
Let n be -1 + 7/(21/480). Suppose o - 14 = -h + 22, 4*o - h - n = 0. Is o a prime number?
False
Suppose -84 = -4*q + 4*g, -4*q - 2*g = -g - 84. Is q prime?
False
Is 3/((-5)/(13665/(-9))) a composite number?
False
Let k(q) = q**3 + q**2 + q - 5. Let x be k(-4). Let v = x + 110. Is v prime?
True
Let g(x) = 7*x**3 + 3*x**2 - 5*x - 2. Is g(3) prime?
True
Suppose -26 + 2 = 2*f. Let r(k) = -16*k + 2. Is r(f) prime?
False
Suppose 3*p + 3274 = 5*p. Is p a composite number?
False
Let r(h) be the first derivative of 67*h**2/2 - 3*h + 1. Let j be r(6). Suppose 4*w - j = 245. Is w a prime number?
False
Let y(l) = 27*l**2 - 4*l - 2. Suppose -12*c - 15 = -7*c. Is y(c) a prime number?
False
Let u be 4*1/((-8)/(-6)). Suppose -a - 4 = -u*a. Suppose 3*k - 67 = -4*p, 5*k - 44 = 3*k - a*p. Is k prime?
False
Suppose -3*k + 5 = -1. Suppose -5*b - k*o = -376, -b - 2*b = o - 225. Is b a prime number?
False
Let p(j) be the first derivative of 7*j**4/8 - 7*j**3/6 - 3*j**2/2 - 1. Let c(i) be the second derivative of p(i). Is c(6) a prime number?
False
Suppose 3*c = 1991 - 68. Is c composite?
False
Let n be (-38 + 37)/(1*(-1)/2). Suppose -4*v + 8 = 0, 2*q + 0*q - 3*v - 6 = 0. Suppose n*l - q = 0, r - l - 124 = -4*l. Is r a prime number?
False
Let c = 475 - 216. Is c a composite number?
True
Suppose o + 2 = -4*m + 66, -4*o + 205 = -m. Let l = o - -61. Is l prime?
True
Suppose 5 + 9